{"id":64,"date":"2014-06-18T21:56:43","date_gmt":"2014-06-18T19:56:43","guid":{"rendered":"http:\/\/www.turbine-vockerode.de\/?page_id=64"},"modified":"2024-04-16T08:26:14","modified_gmt":"2024-04-16T06:26:14","slug":"angebote","status":"publish","type":"page","link":"https:\/\/www.turbine-vockerode.de\/?page_id=64","title":{"rendered":"Vermietung Bootshaus und weitere Angebote"},"content":{"rendered":"<h3>Angebote f\u00fcr Touristen<\/h3>\n<ul>\n<li>\n<p class=\"MsoNormal\" style=\"margin: 0cm 0cm 0pt;\">\u00dcbernachtungsangebot f\u00fcr Wasserwanderer und Radtouristen im <a href=\"https:\/\/www.turbine-vockerode.de\/?page_id=62\">Bootshaus<\/a> mit eigener Ausr\u00fcstung, Nutzung von K\u00fcche und Klappliegen ist m\u00f6glich<\/p>\n<\/li>\n<li>\n<p class=\"MsoNormal\" style=\"margin: 0cm 0cm 0pt;\">Nutzung der Gemeinschaftsr\u00e4ume und sonstigen Anlagen<\/p>\n<\/li>\n<li>\n<p class=\"MsoNormal\" style=\"margin: 0cm 0cm 0pt;\">Gastanlieger <a href=\"https:\/\/www.turbine-vockerode.de\/?page_id=63\">Bootssteg<\/a><\/p>\n<\/li>\n<li>\n<p class=\"MsoNormal\" style=\"margin: 0cm 0cm 0pt;\">Zelten mit eigener Ausr\u00fcstung<\/p>\n<\/li>\n<li>\n<p class=\"MsoNormal\" style=\"margin: 0cm 0cm 0pt;\">Nutzung vom Bootsslip gegen Entgelt (siehe <a href=\"https:\/\/www.turbine-vockerode.de\/?page_id=66\">Nutzungsgeb\u00fchren<\/a>)<\/p>\n<\/li>\n<\/ul>\n<p>Aktuelle Verf\u00fcgbarkeiten k\u00f6nnen jederzeit beim Bootshauswart (0160\/94511867) angefragt werden. Bei beabsichtigter Buchung von R\u00e4umlichkeiten des Bootshauses bitte 14 Tage vor Anreise um eine verbindliche Anmeldung mit Angabe der Tel. oder Handy-Nr. des Ansprechpartners.<\/p>\n<p><br class=\"clear\"><\/p>\n<h3>Vockerode &#8211; ein idealer Ausgangspunkt<\/h3>\n<ul>\n<li>\n<p class=\"MsoNormal\" style=\"margin: 0cm 0cm 0pt;\">Ausgangspunkt f\u00fcr Wanderungen zum Alpakahof und in das Biosph\u00e4renreservat &#8222;Mittlere Elbe&#8220; mit Biberfreianlage (ca. 3 km)<\/p>\n<\/li>\n<li>\n<p class=\"MsoNormal\" style=\"margin: 0cm 0cm 0pt;\">Ausgangspunkt f\u00fcr Wanderungen zum W\u00f6rlitzer Park auf dem Fliederwall (ca. 6 km)<\/p>\n<\/li>\n<li>\n<p class=\"MsoNormal\" style=\"margin: 0cm 0cm 0pt;\">Radwanderungen zur Bauhausstadt Dessau (ca. 10km)<\/p>\n<\/li>\n<li>\n<p class=\"MsoNormal\" style=\"margin: 0cm 0cm 0pt;\">Ausflug auf Radwanderweg zur Barockstadt Oranienbaum mit Schloss und Park mit Orangerie (ca. 6 km)<\/p>\n<\/li>\n<li>\n<p class=\"MsoNormal\" style=\"margin: 0cm 0cm 0pt;\">Einkaufsm\u00f6glichkeiten im Ort (B\u00e4cker)<\/p>\n<\/li>\n<\/li>\n<li>\n<p class=\"MsoNormal\" style=\"margin: 0cm 0cm 0pt;\">leckere Speisen und reichhaltiges Fr\u00fchst\u00fccksbuffet im <a href=\"https:\/\/www.hotel-elbebruecke.de\" target=\"_blank\" rel=\"noopener\">Restaurant Elbebr\u00fccke<a\/><\/p>\n<\/li>\n<\/ul>\n","protected":false},"excerpt":{"rendered":"<p>Angebote f\u00fcr Touristen \u00dcbernachtungsangebot f\u00fcr Wasserwanderer und Radtouristen im Bootshaus mit eigener Ausr\u00fcstung, Nutzung von K\u00fcche und Klappliegen ist m\u00f6glich Nutzung der Gemeinschaftsr\u00e4ume und sonstigen Anlagen Gastanlieger Bootssteg Zelten mit eigener Ausr\u00fcstung Nutzung vom Bootsslip gegen Entgelt (siehe Nutzungsgeb\u00fchren) Aktuelle Verf\u00fcgbarkeiten k\u00f6nnen jederzeit beim Bootshauswart (0160\/94511867) angefragt werden. Bei beabsichtigter Buchung von R\u00e4umlichkeiten des Bootshauses [&hellip;]<\/p>\n","protected":false},"author":1,"featured_media":0,"parent":61,"menu_order":0,"comment_status":"closed","ping_status":"closed","template":"","meta":{"ngg_post_thumbnail":0,"footnotes":""},"class_list":["post-64","page","type-page","status-publish","hentry"],"yoast_head":"<!-- This site is optimized with the Yoast SEO plugin v26.6 - https:\/\/yoast.com\/wordpress\/plugins\/seo\/ -->\n<title>Vermietung Bootshaus und weitere Angebote - SG &quot;Turbine&quot; Vockerode e.V.<\/title>\n<meta name=\"robots\" content=\"index, follow, max-snippet:-1, max-image-preview:large, max-video-preview:-1\" \/>\n<link rel=\"canonical\" href=\"https:\/\/www.turbine-vockerode.de\/?page_id=64\" \/>\n<meta property=\"og:locale\" content=\"de_DE\" \/>\n<meta property=\"og:type\" content=\"article\" \/>\n<meta property=\"og:title\" content=\"Vermietung Bootshaus und weitere Angebote - SG &quot;Turbine&quot; Vockerode e.V.\" \/>\n<meta property=\"og:description\" content=\"Angebote f\u00fcr Touristen \u00dcbernachtungsangebot f\u00fcr Wasserwanderer und Radtouristen im Bootshaus mit eigener Ausr\u00fcstung, Nutzung von K\u00fcche und Klappliegen ist m\u00f6glich Nutzung der Gemeinschaftsr\u00e4ume und sonstigen Anlagen Gastanlieger Bootssteg Zelten mit eigener Ausr\u00fcstung Nutzung vom Bootsslip gegen Entgelt (siehe Nutzungsgeb\u00fchren) Aktuelle Verf\u00fcgbarkeiten k\u00f6nnen jederzeit beim Bootshauswart (0160\/94511867) angefragt werden. Bei beabsichtigter Buchung von R\u00e4umlichkeiten des Bootshauses [&hellip;]\" \/>\n<meta property=\"og:url\" content=\"https:\/\/www.turbine-vockerode.de\/?page_id=64\" \/>\n<meta property=\"og:site_name\" content=\"SG &quot;Turbine&quot; Vockerode e.V.\" \/>\n<meta property=\"article:modified_time\" content=\"2024-04-16T06:26:14+00:00\" \/>\n<meta name=\"twitter:card\" content=\"summary_large_image\" \/>\n<meta name=\"twitter:label1\" content=\"Gesch\u00e4tzte Lesezeit\" \/>\n\t<meta name=\"twitter:data1\" content=\"1\u00a0Minute\" \/>\n<script type=\"application\/ld+json\" class=\"yoast-schema-graph\">{\"@context\":\"https:\/\/schema.org\",\"@graph\":[{\"@type\":\"WebPage\",\"@id\":\"https:\/\/www.turbine-vockerode.de\/?page_id=64\",\"url\":\"https:\/\/www.turbine-vockerode.de\/?page_id=64\",\"name\":\"Vermietung Bootshaus und weitere Angebote - SG &quot;Turbine&quot; Vockerode e.V.\",\"isPartOf\":{\"@id\":\"https:\/\/www.turbine-vockerode.de\/#website\"},\"datePublished\":\"2014-06-18T19:56:43+00:00\",\"dateModified\":\"2024-04-16T06:26:14+00:00\",\"breadcrumb\":{\"@id\":\"https:\/\/www.turbine-vockerode.de\/?page_id=64#breadcrumb\"},\"inLanguage\":\"de\",\"potentialAction\":[{\"@type\":\"ReadAction\",\"target\":[\"https:\/\/www.turbine-vockerode.de\/?page_id=64\"]}]},{\"@type\":\"BreadcrumbList\",\"@id\":\"https:\/\/www.turbine-vockerode.de\/?page_id=64#breadcrumb\",\"itemListElement\":[{\"@type\":\"ListItem\",\"position\":1,\"name\":\"Startseite\",\"item\":\"https:\/\/www.turbine-vockerode.de\/\"},{\"@type\":\"ListItem\",\"position\":2,\"name\":\"Wasserwandern\",\"item\":\"https:\/\/www.turbine-vockerode.de\/?page_id=61\"},{\"@type\":\"ListItem\",\"position\":3,\"name\":\"Vermietung Bootshaus und weitere Angebote\"}]},{\"@type\":\"WebSite\",\"@id\":\"https:\/\/www.turbine-vockerode.de\/#website\",\"url\":\"https:\/\/www.turbine-vockerode.de\/\",\"name\":\"SG &quot;Turbine&quot; Vockerode e.V.\",\"description\":\"Energie im Herz. Stark im Team.\",\"publisher\":{\"@id\":\"https:\/\/www.turbine-vockerode.de\/#organization\"},\"potentialAction\":[{\"@type\":\"SearchAction\",\"target\":{\"@type\":\"EntryPoint\",\"urlTemplate\":\"https:\/\/www.turbine-vockerode.de\/?s={search_term_string}\"},\"query-input\":{\"@type\":\"PropertyValueSpecification\",\"valueRequired\":true,\"valueName\":\"search_term_string\"}}],\"inLanguage\":\"de\"},{\"@type\":\"Organization\",\"@id\":\"https:\/\/www.turbine-vockerode.de\/#organization\",\"name\":\"SG &quot;Turbine&quot; Vockerode e.V.\",\"url\":\"https:\/\/www.turbine-vockerode.de\/\",\"logo\":{\"@type\":\"ImageObject\",\"inLanguage\":\"de\",\"@id\":\"https:\/\/www.turbine-vockerode.de\/#\/schema\/logo\/image\/\",\"url\":\"https:\/\/www.turbine-vockerode.de\/wp-content\/uploads\/2021\/09\/cropped-Logo_Rand_rechts.png\",\"contentUrl\":\"https:\/\/www.turbine-vockerode.de\/wp-content\/uploads\/2021\/09\/cropped-Logo_Rand_rechts.png\",\"width\":1000,\"height\":700,\"caption\":\"SG &quot;Turbine&quot; Vockerode e.V.\"},\"image\":{\"@id\":\"https:\/\/www.turbine-vockerode.de\/#\/schema\/logo\/image\/\"}}]}<\/script>\n<!-- \/ Yoast SEO plugin. -->","yoast_head_json":{"title":"Vermietung Bootshaus und weitere Angebote - SG &quot;Turbine&quot; Vockerode e.V.","robots":{"index":"index","follow":"follow","max-snippet":"max-snippet:-1","max-image-preview":"max-image-preview:large","max-video-preview":"max-video-preview:-1"},"canonical":"https:\/\/www.turbine-vockerode.de\/?page_id=64","og_locale":"de_DE","og_type":"article","og_title":"Vermietung Bootshaus und weitere Angebote - SG &quot;Turbine&quot; Vockerode e.V.","og_description":"Angebote f\u00fcr Touristen \u00dcbernachtungsangebot f\u00fcr Wasserwanderer und Radtouristen im Bootshaus mit eigener Ausr\u00fcstung, Nutzung von K\u00fcche und Klappliegen ist m\u00f6glich Nutzung der Gemeinschaftsr\u00e4ume und sonstigen Anlagen Gastanlieger Bootssteg Zelten mit eigener Ausr\u00fcstung Nutzung vom Bootsslip gegen Entgelt (siehe Nutzungsgeb\u00fchren) Aktuelle Verf\u00fcgbarkeiten k\u00f6nnen jederzeit beim Bootshauswart (0160\/94511867) angefragt werden. Bei beabsichtigter Buchung von R\u00e4umlichkeiten des Bootshauses [&hellip;]","og_url":"https:\/\/www.turbine-vockerode.de\/?page_id=64","og_site_name":"SG &quot;Turbine&quot; Vockerode e.V.","article_modified_time":"2024-04-16T06:26:14+00:00","twitter_card":"summary_large_image","twitter_misc":{"Gesch\u00e4tzte Lesezeit":"1\u00a0Minute"},"schema":{"@context":"https:\/\/schema.org","@graph":[{"@type":"WebPage","@id":"https:\/\/www.turbine-vockerode.de\/?page_id=64","url":"https:\/\/www.turbine-vockerode.de\/?page_id=64","name":"Vermietung Bootshaus und weitere Angebote - SG &quot;Turbine&quot; Vockerode e.V.","isPartOf":{"@id":"https:\/\/www.turbine-vockerode.de\/#website"},"datePublished":"2014-06-18T19:56:43+00:00","dateModified":"2024-04-16T06:26:14+00:00","breadcrumb":{"@id":"https:\/\/www.turbine-vockerode.de\/?page_id=64#breadcrumb"},"inLanguage":"de","potentialAction":[{"@type":"ReadAction","target":["https:\/\/www.turbine-vockerode.de\/?page_id=64"]}]},{"@type":"BreadcrumbList","@id":"https:\/\/www.turbine-vockerode.de\/?page_id=64#breadcrumb","itemListElement":[{"@type":"ListItem","position":1,"name":"Startseite","item":"https:\/\/www.turbine-vockerode.de\/"},{"@type":"ListItem","position":2,"name":"Wasserwandern","item":"https:\/\/www.turbine-vockerode.de\/?page_id=61"},{"@type":"ListItem","position":3,"name":"Vermietung Bootshaus und weitere Angebote"}]},{"@type":"WebSite","@id":"https:\/\/www.turbine-vockerode.de\/#website","url":"https:\/\/www.turbine-vockerode.de\/","name":"SG &quot;Turbine&quot; Vockerode e.V.","description":"Energie im Herz. Stark im Team.","publisher":{"@id":"https:\/\/www.turbine-vockerode.de\/#organization"},"potentialAction":[{"@type":"SearchAction","target":{"@type":"EntryPoint","urlTemplate":"https:\/\/www.turbine-vockerode.de\/?s={search_term_string}"},"query-input":{"@type":"PropertyValueSpecification","valueRequired":true,"valueName":"search_term_string"}}],"inLanguage":"de"},{"@type":"Organization","@id":"https:\/\/www.turbine-vockerode.de\/#organization","name":"SG &quot;Turbine&quot; Vockerode e.V.","url":"https:\/\/www.turbine-vockerode.de\/","logo":{"@type":"ImageObject","inLanguage":"de","@id":"https:\/\/www.turbine-vockerode.de\/#\/schema\/logo\/image\/","url":"https:\/\/www.turbine-vockerode.de\/wp-content\/uploads\/2021\/09\/cropped-Logo_Rand_rechts.png","contentUrl":"https:\/\/www.turbine-vockerode.de\/wp-content\/uploads\/2021\/09\/cropped-Logo_Rand_rechts.png","width":1000,"height":700,"caption":"SG &quot;Turbine&quot; Vockerode e.V."},"image":{"@id":"https:\/\/www.turbine-vockerode.de\/#\/schema\/logo\/image\/"}}]}},"_links":{"self":[{"href":"https:\/\/www.turbine-vockerode.de\/index.php?rest_route=\/wp\/v2\/pages\/64","targetHints":{"allow":["GET"]}}],"collection":[{"href":"https:\/\/www.turbine-vockerode.de\/index.php?rest_route=\/wp\/v2\/pages"}],"about":[{"href":"https:\/\/www.turbine-vockerode.de\/index.php?rest_route=\/wp\/v2\/types\/page"}],"author":[{"embeddable":true,"href":"https:\/\/www.turbine-vockerode.de\/index.php?rest_route=\/wp\/v2\/users\/1"}],"replies":[{"embeddable":true,"href":"https:\/\/www.turbine-vockerode.de\/index.php?rest_route=%2Fwp%2Fv2%2Fcomments&post=64"}],"version-history":[{"count":31,"href":"https:\/\/www.turbine-vockerode.de\/index.php?rest_route=\/wp\/v2\/pages\/64\/revisions"}],"predecessor-version":[{"id":2339,"href":"https:\/\/www.turbine-vockerode.de\/index.php?rest_route=\/wp\/v2\/pages\/64\/revisions\/2339"}],"up":[{"embeddable":true,"href":"https:\/\/www.turbine-vockerode.de\/index.php?rest_route=\/wp\/v2\/pages\/61"}],"wp:attachment":[{"href":"https:\/\/www.turbine-vockerode.de\/index.php?rest_route=%2Fwp%2Fv2%2Fmedia&parent=64"}],"curies":[{"name":"wp","href":"https:\/\/api.w.org\/{rel}","templated":true}]}}