{"id":49,"date":"2014-06-18T21:47:44","date_gmt":"2014-06-18T19:47:44","guid":{"rendered":"http:\/\/www.turbine-vockerode.de\/?page_id=49"},"modified":"2025-02-18T12:03:30","modified_gmt":"2025-02-18T11:03:30","slug":"volleyball-i","status":"publish","type":"page","link":"https:\/\/www.turbine-vockerode.de\/?page_id=49","title":{"rendered":"Volleyball I"},"content":{"rendered":"<p style=\"text-align: justify;\"><img decoding=\"async\" src=\"pics\/volleyball\/mini\/volleyball_1.jpg\" hspace=\"20\" alt=\"\" align=\"left\">Die Abteilung Volleyball wurde im April 1982 gegr\u00fcndet. Mit der Fertigstellung der Turnhalle der ehemaligen GWA begonnen mehrere Ehepaare mit dem Volleyballspiel. Nachdem sich die Gruppe gefestigt hatte, wurde sie als Familien-Volleyballabteilung in der SG &#8222;Turbine&#8220; Vockerode aufgenommen. Seit dieser Zeit spielen wir jeden Montag als gemischte Volleyballgruppe.<\/p>\n<p style=\"text-align: justify;\">Am Wettkampfbetrieb nehmen wir nicht teil. Wir sehen unser Ziel in der Fitness unseres K\u00f6rpers und im gem\u00fctlichen Miteinander. H\u00f6hepunkt unseres Volleyballspiels ist es, seit 1982 jedes Jahr ein Volleyballturnier zu organisieren. Das Turnier ist kein offenes, sondern ein beschr\u00e4nktes Turnier mit befreundeten Mannschaften.<\/p>\n<p style=\"text-align: justify;\">Wir spielen als gemischte Volleyballmannschaft montags ab 19:00 Uhr in der ehemaligen Schulturnhalle Vockerode. Interessierte Volleyballer vom Jugendlichen bis zum Rentner sind herzlich willkommen.<\/p>\n<p><b>Ansprechpartner:<\/b> Irith Guth (Tel.: 0173\/4224490\u00a0)<\/p>\n<p><br class=\"clear\"><\/p>\n<h3>Presseartikel<\/h3>\n<p style=\"text-align: justify;\">\n<a href=\"presse\/Volksstimme_Volleyball_1_2019_11_15.pdf\" target=\"_blank\" rel=\"noopener noreferrer\"><img decoding=\"async\" src=\"pics\/gfx\/PDF_icon.png\" align=\"left\"><\/a><a href=\"presse\/Volksstimme_Volleyball_1_2019_11_15.pdf\" target=\"_blank\" rel=\"noopener noreferrer\"> TSV-&#8222;Monsterblocker&#8220; und &#8222;Gummib\u00e4renbande&#8220; siegreich<\/a><br \/>\n<font size=\"2\"><i>Quelle: Volksstimme, 19.11.2019<\/i><\/font><\/p>\n","protected":false},"excerpt":{"rendered":"<p>Die Abteilung Volleyball wurde im April 1982 gegr\u00fcndet. Mit der Fertigstellung der Turnhalle der ehemaligen GWA begonnen mehrere Ehepaare mit dem Volleyballspiel. Nachdem sich die Gruppe gefestigt hatte, wurde sie als Familien-Volleyballabteilung in der SG &#8222;Turbine&#8220; Vockerode aufgenommen. Seit dieser Zeit spielen wir jeden Montag als gemischte Volleyballgruppe. Am Wettkampfbetrieb nehmen wir nicht teil. Wir [&hellip;]<\/p>\n","protected":false},"author":1,"featured_media":0,"parent":47,"menu_order":0,"comment_status":"closed","ping_status":"closed","template":"","meta":{"ngg_post_thumbnail":0,"footnotes":""},"class_list":["post-49","page","type-page","status-publish","hentry"],"yoast_head":"<!-- This site is optimized with the Yoast SEO plugin v26.6 - https:\/\/yoast.com\/wordpress\/plugins\/seo\/ -->\n<title>Volleyball I - SG &quot;Turbine&quot; Vockerode e.V.<\/title>\n<meta name=\"robots\" content=\"index, follow, max-snippet:-1, max-image-preview:large, max-video-preview:-1\" \/>\n<link rel=\"canonical\" href=\"https:\/\/www.turbine-vockerode.de\/?page_id=49\" \/>\n<meta property=\"og:locale\" content=\"de_DE\" \/>\n<meta property=\"og:type\" content=\"article\" \/>\n<meta property=\"og:title\" content=\"Volleyball I - SG &quot;Turbine&quot; Vockerode e.V.\" \/>\n<meta property=\"og:description\" content=\"Die Abteilung Volleyball wurde im April 1982 gegr\u00fcndet. Mit der Fertigstellung der Turnhalle der ehemaligen GWA begonnen mehrere Ehepaare mit dem Volleyballspiel. Nachdem sich die Gruppe gefestigt hatte, wurde sie als Familien-Volleyballabteilung in der SG &#8222;Turbine&#8220; Vockerode aufgenommen. Seit dieser Zeit spielen wir jeden Montag als gemischte Volleyballgruppe. Am Wettkampfbetrieb nehmen wir nicht teil. Wir [&hellip;]\" \/>\n<meta property=\"og:url\" content=\"https:\/\/www.turbine-vockerode.de\/?page_id=49\" \/>\n<meta property=\"og:site_name\" content=\"SG &quot;Turbine&quot; Vockerode e.V.\" \/>\n<meta property=\"article:modified_time\" content=\"2025-02-18T11:03:30+00:00\" \/>\n<meta name=\"twitter:card\" content=\"summary_large_image\" \/>\n<meta name=\"twitter:label1\" content=\"Gesch\u00e4tzte Lesezeit\" \/>\n\t<meta name=\"twitter:data1\" content=\"2\u00a0Minuten\" \/>\n<script type=\"application\/ld+json\" class=\"yoast-schema-graph\">{\"@context\":\"https:\/\/schema.org\",\"@graph\":[{\"@type\":\"WebPage\",\"@id\":\"https:\/\/www.turbine-vockerode.de\/?page_id=49\",\"url\":\"https:\/\/www.turbine-vockerode.de\/?page_id=49\",\"name\":\"Volleyball I - SG &quot;Turbine&quot; Vockerode e.V.\",\"isPartOf\":{\"@id\":\"https:\/\/www.turbine-vockerode.de\/#website\"},\"datePublished\":\"2014-06-18T19:47:44+00:00\",\"dateModified\":\"2025-02-18T11:03:30+00:00\",\"breadcrumb\":{\"@id\":\"https:\/\/www.turbine-vockerode.de\/?page_id=49#breadcrumb\"},\"inLanguage\":\"de\",\"potentialAction\":[{\"@type\":\"ReadAction\",\"target\":[\"https:\/\/www.turbine-vockerode.de\/?page_id=49\"]}]},{\"@type\":\"BreadcrumbList\",\"@id\":\"https:\/\/www.turbine-vockerode.de\/?page_id=49#breadcrumb\",\"itemListElement\":[{\"@type\":\"ListItem\",\"position\":1,\"name\":\"Startseite\",\"item\":\"https:\/\/www.turbine-vockerode.de\/\"},{\"@type\":\"ListItem\",\"position\":2,\"name\":\"Volleyball\",\"item\":\"https:\/\/www.turbine-vockerode.de\/?page_id=47\"},{\"@type\":\"ListItem\",\"position\":3,\"name\":\"Volleyball I\"}]},{\"@type\":\"WebSite\",\"@id\":\"https:\/\/www.turbine-vockerode.de\/#website\",\"url\":\"https:\/\/www.turbine-vockerode.de\/\",\"name\":\"SG &quot;Turbine&quot; Vockerode e.V.\",\"description\":\"Energie im Herz. Stark im Team.\",\"publisher\":{\"@id\":\"https:\/\/www.turbine-vockerode.de\/#organization\"},\"potentialAction\":[{\"@type\":\"SearchAction\",\"target\":{\"@type\":\"EntryPoint\",\"urlTemplate\":\"https:\/\/www.turbine-vockerode.de\/?s={search_term_string}\"},\"query-input\":{\"@type\":\"PropertyValueSpecification\",\"valueRequired\":true,\"valueName\":\"search_term_string\"}}],\"inLanguage\":\"de\"},{\"@type\":\"Organization\",\"@id\":\"https:\/\/www.turbine-vockerode.de\/#organization\",\"name\":\"SG &quot;Turbine&quot; Vockerode e.V.\",\"url\":\"https:\/\/www.turbine-vockerode.de\/\",\"logo\":{\"@type\":\"ImageObject\",\"inLanguage\":\"de\",\"@id\":\"https:\/\/www.turbine-vockerode.de\/#\/schema\/logo\/image\/\",\"url\":\"https:\/\/www.turbine-vockerode.de\/wp-content\/uploads\/2021\/09\/cropped-Logo_Rand_rechts.png\",\"contentUrl\":\"https:\/\/www.turbine-vockerode.de\/wp-content\/uploads\/2021\/09\/cropped-Logo_Rand_rechts.png\",\"width\":1000,\"height\":700,\"caption\":\"SG &quot;Turbine&quot; Vockerode e.V.\"},\"image\":{\"@id\":\"https:\/\/www.turbine-vockerode.de\/#\/schema\/logo\/image\/\"}}]}<\/script>\n<!-- \/ Yoast SEO plugin. -->","yoast_head_json":{"title":"Volleyball I - SG &quot;Turbine&quot; Vockerode e.V.","robots":{"index":"index","follow":"follow","max-snippet":"max-snippet:-1","max-image-preview":"max-image-preview:large","max-video-preview":"max-video-preview:-1"},"canonical":"https:\/\/www.turbine-vockerode.de\/?page_id=49","og_locale":"de_DE","og_type":"article","og_title":"Volleyball I - SG &quot;Turbine&quot; Vockerode e.V.","og_description":"Die Abteilung Volleyball wurde im April 1982 gegr\u00fcndet. Mit der Fertigstellung der Turnhalle der ehemaligen GWA begonnen mehrere Ehepaare mit dem Volleyballspiel. Nachdem sich die Gruppe gefestigt hatte, wurde sie als Familien-Volleyballabteilung in der SG &#8222;Turbine&#8220; Vockerode aufgenommen. Seit dieser Zeit spielen wir jeden Montag als gemischte Volleyballgruppe. Am Wettkampfbetrieb nehmen wir nicht teil. Wir [&hellip;]","og_url":"https:\/\/www.turbine-vockerode.de\/?page_id=49","og_site_name":"SG &quot;Turbine&quot; Vockerode e.V.","article_modified_time":"2025-02-18T11:03:30+00:00","twitter_card":"summary_large_image","twitter_misc":{"Gesch\u00e4tzte Lesezeit":"2\u00a0Minuten"},"schema":{"@context":"https:\/\/schema.org","@graph":[{"@type":"WebPage","@id":"https:\/\/www.turbine-vockerode.de\/?page_id=49","url":"https:\/\/www.turbine-vockerode.de\/?page_id=49","name":"Volleyball I - SG &quot;Turbine&quot; Vockerode e.V.","isPartOf":{"@id":"https:\/\/www.turbine-vockerode.de\/#website"},"datePublished":"2014-06-18T19:47:44+00:00","dateModified":"2025-02-18T11:03:30+00:00","breadcrumb":{"@id":"https:\/\/www.turbine-vockerode.de\/?page_id=49#breadcrumb"},"inLanguage":"de","potentialAction":[{"@type":"ReadAction","target":["https:\/\/www.turbine-vockerode.de\/?page_id=49"]}]},{"@type":"BreadcrumbList","@id":"https:\/\/www.turbine-vockerode.de\/?page_id=49#breadcrumb","itemListElement":[{"@type":"ListItem","position":1,"name":"Startseite","item":"https:\/\/www.turbine-vockerode.de\/"},{"@type":"ListItem","position":2,"name":"Volleyball","item":"https:\/\/www.turbine-vockerode.de\/?page_id=47"},{"@type":"ListItem","position":3,"name":"Volleyball I"}]},{"@type":"WebSite","@id":"https:\/\/www.turbine-vockerode.de\/#website","url":"https:\/\/www.turbine-vockerode.de\/","name":"SG &quot;Turbine&quot; Vockerode e.V.","description":"Energie im Herz. Stark im Team.","publisher":{"@id":"https:\/\/www.turbine-vockerode.de\/#organization"},"potentialAction":[{"@type":"SearchAction","target":{"@type":"EntryPoint","urlTemplate":"https:\/\/www.turbine-vockerode.de\/?s={search_term_string}"},"query-input":{"@type":"PropertyValueSpecification","valueRequired":true,"valueName":"search_term_string"}}],"inLanguage":"de"},{"@type":"Organization","@id":"https:\/\/www.turbine-vockerode.de\/#organization","name":"SG &quot;Turbine&quot; Vockerode e.V.","url":"https:\/\/www.turbine-vockerode.de\/","logo":{"@type":"ImageObject","inLanguage":"de","@id":"https:\/\/www.turbine-vockerode.de\/#\/schema\/logo\/image\/","url":"https:\/\/www.turbine-vockerode.de\/wp-content\/uploads\/2021\/09\/cropped-Logo_Rand_rechts.png","contentUrl":"https:\/\/www.turbine-vockerode.de\/wp-content\/uploads\/2021\/09\/cropped-Logo_Rand_rechts.png","width":1000,"height":700,"caption":"SG &quot;Turbine&quot; Vockerode e.V."},"image":{"@id":"https:\/\/www.turbine-vockerode.de\/#\/schema\/logo\/image\/"}}]}},"_links":{"self":[{"href":"https:\/\/www.turbine-vockerode.de\/index.php?rest_route=\/wp\/v2\/pages\/49","targetHints":{"allow":["GET"]}}],"collection":[{"href":"https:\/\/www.turbine-vockerode.de\/index.php?rest_route=\/wp\/v2\/pages"}],"about":[{"href":"https:\/\/www.turbine-vockerode.de\/index.php?rest_route=\/wp\/v2\/types\/page"}],"author":[{"embeddable":true,"href":"https:\/\/www.turbine-vockerode.de\/index.php?rest_route=\/wp\/v2\/users\/1"}],"replies":[{"embeddable":true,"href":"https:\/\/www.turbine-vockerode.de\/index.php?rest_route=%2Fwp%2Fv2%2Fcomments&post=49"}],"version-history":[{"count":15,"href":"https:\/\/www.turbine-vockerode.de\/index.php?rest_route=\/wp\/v2\/pages\/49\/revisions"}],"predecessor-version":[{"id":2438,"href":"https:\/\/www.turbine-vockerode.de\/index.php?rest_route=\/wp\/v2\/pages\/49\/revisions\/2438"}],"up":[{"embeddable":true,"href":"https:\/\/www.turbine-vockerode.de\/index.php?rest_route=\/wp\/v2\/pages\/47"}],"wp:attachment":[{"href":"https:\/\/www.turbine-vockerode.de\/index.php?rest_route=%2Fwp%2Fv2%2Fmedia&parent=49"}],"curies":[{"name":"wp","href":"https:\/\/api.w.org\/{rel}","templated":true}]}}