{"id":34,"date":"2014-06-18T21:28:35","date_gmt":"2014-06-18T19:28:35","guid":{"rendered":"http:\/\/www.turbine-vockerode.de\/?page_id=34"},"modified":"2024-04-16T08:40:42","modified_gmt":"2024-04-16T06:40:42","slug":"links","status":"publish","type":"page","link":"https:\/\/www.turbine-vockerode.de\/?page_id=34","title":{"rendered":"Links"},"content":{"rendered":"<table border=\"0\">\n<tbody>\n<tr>\n<td width=\"150\">\n<div align=\"center\"><a href=\"https:\/\/www.ksb-wittenberg.de\/\" target=\"_blank\" rel=\"noopener\"><img decoding=\"async\" src=\"pics\/links\/ksb_wittenberg.png\" alt=\"\"><\/a><\/div>\n<\/td>\n<td valign=\"middle\">Kreissportbund Wittenberg e.V.<\/td>\n<\/tr>\n<tr><\/tr>\n<tr>\n<td width=\"150\">\n<div align=\"center\"><a href=\"https:\/\/www.bssa.de\/\" target=\"_blank\" rel=\"noopener\"><img decoding=\"async\" src=\"pics\/links\/bssa.png\" alt=\"\"><\/a><\/div>\n<\/td>\n<td valign=\"middle\">BSSA &#8211; Behinderten- und Rehabilitations-Sportverband Sachsen-Anhalt e. V.<\/td>\n<\/tr>\n<tr>\n<td>\n<div align=\"center\"><a href=\"http:\/\/www.feuerwehr-vockerode.de\" target=\"_blank\" rel=\"noopener\"><img decoding=\"async\" src=\"pics\/links\/ffw_vockerode.png\" alt=\"\"><\/a><\/div>\n<\/td>\n<td>Freiwillige Feuerwehr Vockerode<\/td>\n<\/tr>\n<tr>\n<td>\n<div align=\"center\"><a href=\"http:\/\/www.svwoerlitz.de\" target=\"_blank\" rel=\"noopener\"><img decoding=\"async\" src=\"pics\/links\/gruen_wei\u00df_woerlitz.png\" alt=\"\"><\/a><\/div>\n<\/td>\n<td>SV Gr\u00fcn-Wei\u00df W\u00f6rlitz e.V.<\/td>\n<\/tr>\n<tr>\n<td>\n<div align=\"center\"><a href=\"https:\/\/www.hotel-elbebruecke.de\/\" target=\"_blank\" rel=\"noopener\"><img decoding=\"async\" src=\"pics\/links\/restaurant_elbebruecke.png\" alt=\"\"><\/a><\/div>\n<\/td>\n<td>Hotel und Restaurant Elbebr\u00fccke<\/td>\n<\/tr>\n<\/tbody>\n<\/table>\n<p><br class=\"clear\"><\/p>\n<h3>Verlinkt uns&#8230;<\/h3>\n<p style=\"text-align: justify;\">Wir freuen uns, wenn Sie auf uns verlinken. \u00dcber Publicity sind wir immer sehr dankbar. Das Internet lebt von Links, wenn euch also unsere Seite gef\u00e4llt dann verlinkt uns doch einfach. Wir verlinken auch gerne zur\u00fcck.<\/p>\n<p><br class=\"clear\"><\/p>\n<h3>Haftungshinweis<\/h3>\n<p style=\"text-align: justify;\">Trotz sorgf\u00e4ltiger inhaltlicher Kontrolle \u00fcbernehmen wir keine Haftung f\u00fcr die Inhalte externer Links. F\u00fcr den Inhalt der verlinkten Seiten sind ausschlie\u00dflich deren Betreiber verantwortlich.<\/p>\n","protected":false},"excerpt":{"rendered":"<p>Kreissportbund Wittenberg e.V. BSSA &#8211; Behinderten- und Rehabilitations-Sportverband Sachsen-Anhalt e. V. Freiwillige Feuerwehr Vockerode SV Gr\u00fcn-Wei\u00df W\u00f6rlitz e.V. Hotel und Restaurant Elbebr\u00fccke Verlinkt uns&#8230; Wir freuen uns, wenn Sie auf uns verlinken. \u00dcber Publicity sind wir immer sehr dankbar. Das Internet lebt von Links, wenn euch also unsere Seite gef\u00e4llt dann verlinkt uns doch einfach. [&hellip;]<\/p>\n","protected":false},"author":1,"featured_media":0,"parent":0,"menu_order":6,"comment_status":"closed","ping_status":"closed","template":"","meta":{"ngg_post_thumbnail":0,"footnotes":""},"class_list":["post-34","page","type-page","status-publish","hentry"],"yoast_head":"<!-- This site is optimized with the Yoast SEO plugin v26.6 - https:\/\/yoast.com\/wordpress\/plugins\/seo\/ -->\n<title>Links - SG &quot;Turbine&quot; Vockerode e.V.<\/title>\n<meta name=\"robots\" content=\"index, follow, max-snippet:-1, max-image-preview:large, max-video-preview:-1\" \/>\n<link rel=\"canonical\" href=\"https:\/\/www.turbine-vockerode.de\/?page_id=34\" \/>\n<meta property=\"og:locale\" content=\"de_DE\" \/>\n<meta property=\"og:type\" content=\"article\" \/>\n<meta property=\"og:title\" content=\"Links - SG &quot;Turbine&quot; Vockerode e.V.\" \/>\n<meta property=\"og:description\" content=\"Kreissportbund Wittenberg e.V. BSSA &#8211; Behinderten- und Rehabilitations-Sportverband Sachsen-Anhalt e. V. Freiwillige Feuerwehr Vockerode SV Gr\u00fcn-Wei\u00df W\u00f6rlitz e.V. Hotel und Restaurant Elbebr\u00fccke Verlinkt uns&#8230; Wir freuen uns, wenn Sie auf uns verlinken. \u00dcber Publicity sind wir immer sehr dankbar. Das Internet lebt von Links, wenn euch also unsere Seite gef\u00e4llt dann verlinkt uns doch einfach. [&hellip;]\" \/>\n<meta property=\"og:url\" content=\"https:\/\/www.turbine-vockerode.de\/?page_id=34\" \/>\n<meta property=\"og:site_name\" content=\"SG &quot;Turbine&quot; Vockerode e.V.\" \/>\n<meta property=\"article:modified_time\" content=\"2024-04-16T06:40:42+00:00\" \/>\n<meta name=\"twitter:card\" content=\"summary_large_image\" \/>\n<meta name=\"twitter:label1\" content=\"Gesch\u00e4tzte Lesezeit\" \/>\n\t<meta name=\"twitter:data1\" content=\"2\u00a0Minuten\" \/>\n<script type=\"application\/ld+json\" class=\"yoast-schema-graph\">{\"@context\":\"https:\/\/schema.org\",\"@graph\":[{\"@type\":\"WebPage\",\"@id\":\"https:\/\/www.turbine-vockerode.de\/?page_id=34\",\"url\":\"https:\/\/www.turbine-vockerode.de\/?page_id=34\",\"name\":\"Links - SG &quot;Turbine&quot; Vockerode e.V.\",\"isPartOf\":{\"@id\":\"https:\/\/www.turbine-vockerode.de\/#website\"},\"datePublished\":\"2014-06-18T19:28:35+00:00\",\"dateModified\":\"2024-04-16T06:40:42+00:00\",\"breadcrumb\":{\"@id\":\"https:\/\/www.turbine-vockerode.de\/?page_id=34#breadcrumb\"},\"inLanguage\":\"de\",\"potentialAction\":[{\"@type\":\"ReadAction\",\"target\":[\"https:\/\/www.turbine-vockerode.de\/?page_id=34\"]}]},{\"@type\":\"BreadcrumbList\",\"@id\":\"https:\/\/www.turbine-vockerode.de\/?page_id=34#breadcrumb\",\"itemListElement\":[{\"@type\":\"ListItem\",\"position\":1,\"name\":\"Startseite\",\"item\":\"https:\/\/www.turbine-vockerode.de\/\"},{\"@type\":\"ListItem\",\"position\":2,\"name\":\"Links\"}]},{\"@type\":\"WebSite\",\"@id\":\"https:\/\/www.turbine-vockerode.de\/#website\",\"url\":\"https:\/\/www.turbine-vockerode.de\/\",\"name\":\"SG &quot;Turbine&quot; Vockerode e.V.\",\"description\":\"Energie im Herz. Stark im Team.\",\"publisher\":{\"@id\":\"https:\/\/www.turbine-vockerode.de\/#organization\"},\"potentialAction\":[{\"@type\":\"SearchAction\",\"target\":{\"@type\":\"EntryPoint\",\"urlTemplate\":\"https:\/\/www.turbine-vockerode.de\/?s={search_term_string}\"},\"query-input\":{\"@type\":\"PropertyValueSpecification\",\"valueRequired\":true,\"valueName\":\"search_term_string\"}}],\"inLanguage\":\"de\"},{\"@type\":\"Organization\",\"@id\":\"https:\/\/www.turbine-vockerode.de\/#organization\",\"name\":\"SG &quot;Turbine&quot; Vockerode e.V.\",\"url\":\"https:\/\/www.turbine-vockerode.de\/\",\"logo\":{\"@type\":\"ImageObject\",\"inLanguage\":\"de\",\"@id\":\"https:\/\/www.turbine-vockerode.de\/#\/schema\/logo\/image\/\",\"url\":\"https:\/\/www.turbine-vockerode.de\/wp-content\/uploads\/2021\/09\/cropped-Logo_Rand_rechts.png\",\"contentUrl\":\"https:\/\/www.turbine-vockerode.de\/wp-content\/uploads\/2021\/09\/cropped-Logo_Rand_rechts.png\",\"width\":1000,\"height\":700,\"caption\":\"SG &quot;Turbine&quot; Vockerode e.V.\"},\"image\":{\"@id\":\"https:\/\/www.turbine-vockerode.de\/#\/schema\/logo\/image\/\"}}]}<\/script>\n<!-- \/ Yoast SEO plugin. -->","yoast_head_json":{"title":"Links - SG &quot;Turbine&quot; Vockerode e.V.","robots":{"index":"index","follow":"follow","max-snippet":"max-snippet:-1","max-image-preview":"max-image-preview:large","max-video-preview":"max-video-preview:-1"},"canonical":"https:\/\/www.turbine-vockerode.de\/?page_id=34","og_locale":"de_DE","og_type":"article","og_title":"Links - SG &quot;Turbine&quot; Vockerode e.V.","og_description":"Kreissportbund Wittenberg e.V. BSSA &#8211; Behinderten- und Rehabilitations-Sportverband Sachsen-Anhalt e. V. Freiwillige Feuerwehr Vockerode SV Gr\u00fcn-Wei\u00df W\u00f6rlitz e.V. Hotel und Restaurant Elbebr\u00fccke Verlinkt uns&#8230; Wir freuen uns, wenn Sie auf uns verlinken. \u00dcber Publicity sind wir immer sehr dankbar. Das Internet lebt von Links, wenn euch also unsere Seite gef\u00e4llt dann verlinkt uns doch einfach. [&hellip;]","og_url":"https:\/\/www.turbine-vockerode.de\/?page_id=34","og_site_name":"SG &quot;Turbine&quot; Vockerode e.V.","article_modified_time":"2024-04-16T06:40:42+00:00","twitter_card":"summary_large_image","twitter_misc":{"Gesch\u00e4tzte Lesezeit":"2\u00a0Minuten"},"schema":{"@context":"https:\/\/schema.org","@graph":[{"@type":"WebPage","@id":"https:\/\/www.turbine-vockerode.de\/?page_id=34","url":"https:\/\/www.turbine-vockerode.de\/?page_id=34","name":"Links - SG &quot;Turbine&quot; Vockerode e.V.","isPartOf":{"@id":"https:\/\/www.turbine-vockerode.de\/#website"},"datePublished":"2014-06-18T19:28:35+00:00","dateModified":"2024-04-16T06:40:42+00:00","breadcrumb":{"@id":"https:\/\/www.turbine-vockerode.de\/?page_id=34#breadcrumb"},"inLanguage":"de","potentialAction":[{"@type":"ReadAction","target":["https:\/\/www.turbine-vockerode.de\/?page_id=34"]}]},{"@type":"BreadcrumbList","@id":"https:\/\/www.turbine-vockerode.de\/?page_id=34#breadcrumb","itemListElement":[{"@type":"ListItem","position":1,"name":"Startseite","item":"https:\/\/www.turbine-vockerode.de\/"},{"@type":"ListItem","position":2,"name":"Links"}]},{"@type":"WebSite","@id":"https:\/\/www.turbine-vockerode.de\/#website","url":"https:\/\/www.turbine-vockerode.de\/","name":"SG &quot;Turbine&quot; Vockerode e.V.","description":"Energie im Herz. Stark im Team.","publisher":{"@id":"https:\/\/www.turbine-vockerode.de\/#organization"},"potentialAction":[{"@type":"SearchAction","target":{"@type":"EntryPoint","urlTemplate":"https:\/\/www.turbine-vockerode.de\/?s={search_term_string}"},"query-input":{"@type":"PropertyValueSpecification","valueRequired":true,"valueName":"search_term_string"}}],"inLanguage":"de"},{"@type":"Organization","@id":"https:\/\/www.turbine-vockerode.de\/#organization","name":"SG &quot;Turbine&quot; Vockerode e.V.","url":"https:\/\/www.turbine-vockerode.de\/","logo":{"@type":"ImageObject","inLanguage":"de","@id":"https:\/\/www.turbine-vockerode.de\/#\/schema\/logo\/image\/","url":"https:\/\/www.turbine-vockerode.de\/wp-content\/uploads\/2021\/09\/cropped-Logo_Rand_rechts.png","contentUrl":"https:\/\/www.turbine-vockerode.de\/wp-content\/uploads\/2021\/09\/cropped-Logo_Rand_rechts.png","width":1000,"height":700,"caption":"SG &quot;Turbine&quot; Vockerode e.V."},"image":{"@id":"https:\/\/www.turbine-vockerode.de\/#\/schema\/logo\/image\/"}}]}},"_links":{"self":[{"href":"https:\/\/www.turbine-vockerode.de\/index.php?rest_route=\/wp\/v2\/pages\/34","targetHints":{"allow":["GET"]}}],"collection":[{"href":"https:\/\/www.turbine-vockerode.de\/index.php?rest_route=\/wp\/v2\/pages"}],"about":[{"href":"https:\/\/www.turbine-vockerode.de\/index.php?rest_route=\/wp\/v2\/types\/page"}],"author":[{"embeddable":true,"href":"https:\/\/www.turbine-vockerode.de\/index.php?rest_route=\/wp\/v2\/users\/1"}],"replies":[{"embeddable":true,"href":"https:\/\/www.turbine-vockerode.de\/index.php?rest_route=%2Fwp%2Fv2%2Fcomments&post=34"}],"version-history":[{"count":13,"href":"https:\/\/www.turbine-vockerode.de\/index.php?rest_route=\/wp\/v2\/pages\/34\/revisions"}],"predecessor-version":[{"id":2340,"href":"https:\/\/www.turbine-vockerode.de\/index.php?rest_route=\/wp\/v2\/pages\/34\/revisions\/2340"}],"wp:attachment":[{"href":"https:\/\/www.turbine-vockerode.de\/index.php?rest_route=%2Fwp%2Fv2%2Fmedia&parent=34"}],"curies":[{"name":"wp","href":"https:\/\/api.w.org\/{rel}","templated":true}]}}