{"id":1280,"date":"2021-09-15T21:02:06","date_gmt":"2021-09-15T19:02:06","guid":{"rendered":"http:\/\/www.turbine-vockerode.de\/?page_id=1280"},"modified":"2025-04-22T12:15:41","modified_gmt":"2025-04-22T10:15:41","slug":"line-dance-2","status":"publish","type":"page","link":"https:\/\/www.turbine-vockerode.de\/?page_id=1280","title":{"rendered":"Line Dance"},"content":{"rendered":"<p style=\"text-align: justify;\"><a href=\"pics\/line_dance\/Line_Dance_Gruppenbild_2.jpg\" align=\"left\"><img decoding=\"async\" src=\"pics\/line_dance\/mini\/Line_Dance_Gruppenbild_2.jpg\" hspace=\"20\" align=\"left\"><\/a>Line Dance tanzt nicht nur nach Country Musik, sondern bei der t\u00e4nzerischen Bewegung geben die verschiedenen Musikrichtungen (meist Country, Pop und Schlager) einen gro\u00dfen Spa\u00dffaktor. Verschiedene abwechslungsreiche Schrittfolgen f\u00f6rdern die Koordination und Kondition und machen somit Line Dance zu einem tollen Erlebnis<\/p>\n<p style=\"text-align: justify;\">Dich interessiert diese Art der Bewegung, du hattest aber noch nie Ber\u00fchrungspunkte mit Line Dance &#8211; Kein Problem &#8211; Wir bieten Line Dance f\u00fcr Jedermann. Egal ob Anf\u00e4nger oder Fortgeschrittener, ob Kind oder Erwachsener. Jeder ist Willkommen! Wer Lust und Interesse hat, kann gern zum Schnuppern kommen.<\/p>\n<p><b>Ansprechpartner:<\/b> Sylvia V\u00f6lker (Tel.: 0151\/70086033)<\/p>\n<p style=\"text-align: justify;\">Wir trainieren immer donnerstags und sonntags in der <a href=\"https:\/\/www.turbine-vockerode.de\/?page_id=799\"> Sporthalle<\/a> Vockerode.<\/p>\n<p><br class=\"clear\"><\/p>\n<table cellspacing=\"0\" border=\"0\" align=\"center\">\n<tbody>\n<tr>\n<td><strong>Trainer<\/strong><\/td>\n<td><strong>Tag<\/strong><\/td>\n<td><strong>Zeit<\/strong><\/td>\n<\/tr>\n<tr>\n<td>Sylvia V\u00f6lker<\/td>\n<td>Mittwoch<\/td>\n<td>17:30 &#8211; 19:00 Uhr<\/td>\n<\/tr>\n<tr>\n<td>Mandy Rosche<\/td>\n<td>Sonntag<\/td>\n<td>18:00 &#8211; 19:00 Uhr<\/td>\n<\/tr>\n<\/tbody>\n<\/table>\n<p><a href=\"pics\/line_dance\/Line_Dance_Gruppenbild_1.jpg\"><img decoding=\"async\" style=\"border: 0px\" src=\"pics\/line_dance\/mini\/Line_Dance_Gruppenbild_1.jpg\" class=\"aligncenter\"><\/a><br \/>\n<a href=\"pics\/line_dance\/Line_Dance_Gruppenbild_3.jpg\"><img decoding=\"async\" style=\"border: 0px\" src=\"pics\/line_dance\/mini\/Line_Dance_Gruppenbild_3.jpg\" class=\"aligncenter\"><\/a><\/p>\n<p style=\"text-align: justify;\">\nFolgend k\u00f6nnt Ihr unseren aktuellen Flyer downloaden:<\/p>\n<p style=\"text-align: justify;\"><a href=\"downloads\/Flyer_Line_Dance.pdf\" target=\"_blank\" rel=\"noopener noreferrer\"><img decoding=\"async\" src=\"pics\/gfx\/PDF_icon.png\" hspace=\"10\" align=\"left\"><\/a><a href=\"downloads\/Flyer_Line_Dance.pdf\" target=\"_blank\" rel=\"noopener noreferrer\"> Flyer Line Dance<\/a><\/p>\n","protected":false},"excerpt":{"rendered":"<p>Line Dance tanzt nicht nur nach Country Musik, sondern bei der t\u00e4nzerischen Bewegung geben die verschiedenen Musikrichtungen (meist Country, Pop und Schlager) einen gro\u00dfen Spa\u00dffaktor. Verschiedene abwechslungsreiche Schrittfolgen f\u00f6rdern die Koordination und Kondition und machen somit Line Dance zu einem tollen Erlebnis Dich interessiert diese Art der Bewegung, du hattest aber noch nie Ber\u00fchrungspunkte mit [&hellip;]<\/p>\n","protected":false},"author":1,"featured_media":0,"parent":0,"menu_order":0,"comment_status":"closed","ping_status":"closed","template":"","meta":{"ngg_post_thumbnail":0,"footnotes":""},"class_list":["post-1280","page","type-page","status-publish","hentry"],"yoast_head":"<!-- This site is optimized with the Yoast SEO plugin v26.6 - https:\/\/yoast.com\/wordpress\/plugins\/seo\/ -->\n<title>Line Dance - SG &quot;Turbine&quot; Vockerode e.V.<\/title>\n<meta name=\"robots\" content=\"index, follow, max-snippet:-1, max-image-preview:large, max-video-preview:-1\" \/>\n<link rel=\"canonical\" href=\"https:\/\/www.turbine-vockerode.de\/?page_id=1280\" \/>\n<meta property=\"og:locale\" content=\"de_DE\" \/>\n<meta property=\"og:type\" content=\"article\" \/>\n<meta property=\"og:title\" content=\"Line Dance - SG &quot;Turbine&quot; Vockerode e.V.\" \/>\n<meta property=\"og:description\" content=\"Line Dance tanzt nicht nur nach Country Musik, sondern bei der t\u00e4nzerischen Bewegung geben die verschiedenen Musikrichtungen (meist Country, Pop und Schlager) einen gro\u00dfen Spa\u00dffaktor. Verschiedene abwechslungsreiche Schrittfolgen f\u00f6rdern die Koordination und Kondition und machen somit Line Dance zu einem tollen Erlebnis Dich interessiert diese Art der Bewegung, du hattest aber noch nie Ber\u00fchrungspunkte mit [&hellip;]\" \/>\n<meta property=\"og:url\" content=\"https:\/\/www.turbine-vockerode.de\/?page_id=1280\" \/>\n<meta property=\"og:site_name\" content=\"SG &quot;Turbine&quot; Vockerode e.V.\" \/>\n<meta property=\"article:modified_time\" content=\"2025-04-22T10:15:41+00:00\" \/>\n<meta name=\"twitter:card\" content=\"summary_large_image\" \/>\n<meta name=\"twitter:label1\" content=\"Gesch\u00e4tzte Lesezeit\" \/>\n\t<meta name=\"twitter:data1\" content=\"2\u00a0Minuten\" \/>\n<script type=\"application\/ld+json\" class=\"yoast-schema-graph\">{\"@context\":\"https:\/\/schema.org\",\"@graph\":[{\"@type\":\"WebPage\",\"@id\":\"https:\/\/www.turbine-vockerode.de\/?page_id=1280\",\"url\":\"https:\/\/www.turbine-vockerode.de\/?page_id=1280\",\"name\":\"Line Dance - SG &quot;Turbine&quot; Vockerode e.V.\",\"isPartOf\":{\"@id\":\"https:\/\/www.turbine-vockerode.de\/#website\"},\"datePublished\":\"2021-09-15T19:02:06+00:00\",\"dateModified\":\"2025-04-22T10:15:41+00:00\",\"breadcrumb\":{\"@id\":\"https:\/\/www.turbine-vockerode.de\/?page_id=1280#breadcrumb\"},\"inLanguage\":\"de\",\"potentialAction\":[{\"@type\":\"ReadAction\",\"target\":[\"https:\/\/www.turbine-vockerode.de\/?page_id=1280\"]}]},{\"@type\":\"BreadcrumbList\",\"@id\":\"https:\/\/www.turbine-vockerode.de\/?page_id=1280#breadcrumb\",\"itemListElement\":[{\"@type\":\"ListItem\",\"position\":1,\"name\":\"Startseite\",\"item\":\"https:\/\/www.turbine-vockerode.de\/\"},{\"@type\":\"ListItem\",\"position\":2,\"name\":\"Line Dance\"}]},{\"@type\":\"WebSite\",\"@id\":\"https:\/\/www.turbine-vockerode.de\/#website\",\"url\":\"https:\/\/www.turbine-vockerode.de\/\",\"name\":\"SG &quot;Turbine&quot; Vockerode e.V.\",\"description\":\"Energie im Herz. Stark im Team.\",\"publisher\":{\"@id\":\"https:\/\/www.turbine-vockerode.de\/#organization\"},\"potentialAction\":[{\"@type\":\"SearchAction\",\"target\":{\"@type\":\"EntryPoint\",\"urlTemplate\":\"https:\/\/www.turbine-vockerode.de\/?s={search_term_string}\"},\"query-input\":{\"@type\":\"PropertyValueSpecification\",\"valueRequired\":true,\"valueName\":\"search_term_string\"}}],\"inLanguage\":\"de\"},{\"@type\":\"Organization\",\"@id\":\"https:\/\/www.turbine-vockerode.de\/#organization\",\"name\":\"SG &quot;Turbine&quot; Vockerode e.V.\",\"url\":\"https:\/\/www.turbine-vockerode.de\/\",\"logo\":{\"@type\":\"ImageObject\",\"inLanguage\":\"de\",\"@id\":\"https:\/\/www.turbine-vockerode.de\/#\/schema\/logo\/image\/\",\"url\":\"https:\/\/www.turbine-vockerode.de\/wp-content\/uploads\/2021\/09\/cropped-Logo_Rand_rechts.png\",\"contentUrl\":\"https:\/\/www.turbine-vockerode.de\/wp-content\/uploads\/2021\/09\/cropped-Logo_Rand_rechts.png\",\"width\":1000,\"height\":700,\"caption\":\"SG &quot;Turbine&quot; Vockerode e.V.\"},\"image\":{\"@id\":\"https:\/\/www.turbine-vockerode.de\/#\/schema\/logo\/image\/\"}}]}<\/script>\n<!-- \/ Yoast SEO plugin. -->","yoast_head_json":{"title":"Line Dance - SG &quot;Turbine&quot; Vockerode e.V.","robots":{"index":"index","follow":"follow","max-snippet":"max-snippet:-1","max-image-preview":"max-image-preview:large","max-video-preview":"max-video-preview:-1"},"canonical":"https:\/\/www.turbine-vockerode.de\/?page_id=1280","og_locale":"de_DE","og_type":"article","og_title":"Line Dance - SG &quot;Turbine&quot; Vockerode e.V.","og_description":"Line Dance tanzt nicht nur nach Country Musik, sondern bei der t\u00e4nzerischen Bewegung geben die verschiedenen Musikrichtungen (meist Country, Pop und Schlager) einen gro\u00dfen Spa\u00dffaktor. Verschiedene abwechslungsreiche Schrittfolgen f\u00f6rdern die Koordination und Kondition und machen somit Line Dance zu einem tollen Erlebnis Dich interessiert diese Art der Bewegung, du hattest aber noch nie Ber\u00fchrungspunkte mit [&hellip;]","og_url":"https:\/\/www.turbine-vockerode.de\/?page_id=1280","og_site_name":"SG &quot;Turbine&quot; Vockerode e.V.","article_modified_time":"2025-04-22T10:15:41+00:00","twitter_card":"summary_large_image","twitter_misc":{"Gesch\u00e4tzte Lesezeit":"2\u00a0Minuten"},"schema":{"@context":"https:\/\/schema.org","@graph":[{"@type":"WebPage","@id":"https:\/\/www.turbine-vockerode.de\/?page_id=1280","url":"https:\/\/www.turbine-vockerode.de\/?page_id=1280","name":"Line Dance - SG &quot;Turbine&quot; Vockerode e.V.","isPartOf":{"@id":"https:\/\/www.turbine-vockerode.de\/#website"},"datePublished":"2021-09-15T19:02:06+00:00","dateModified":"2025-04-22T10:15:41+00:00","breadcrumb":{"@id":"https:\/\/www.turbine-vockerode.de\/?page_id=1280#breadcrumb"},"inLanguage":"de","potentialAction":[{"@type":"ReadAction","target":["https:\/\/www.turbine-vockerode.de\/?page_id=1280"]}]},{"@type":"BreadcrumbList","@id":"https:\/\/www.turbine-vockerode.de\/?page_id=1280#breadcrumb","itemListElement":[{"@type":"ListItem","position":1,"name":"Startseite","item":"https:\/\/www.turbine-vockerode.de\/"},{"@type":"ListItem","position":2,"name":"Line Dance"}]},{"@type":"WebSite","@id":"https:\/\/www.turbine-vockerode.de\/#website","url":"https:\/\/www.turbine-vockerode.de\/","name":"SG &quot;Turbine&quot; Vockerode e.V.","description":"Energie im Herz. Stark im Team.","publisher":{"@id":"https:\/\/www.turbine-vockerode.de\/#organization"},"potentialAction":[{"@type":"SearchAction","target":{"@type":"EntryPoint","urlTemplate":"https:\/\/www.turbine-vockerode.de\/?s={search_term_string}"},"query-input":{"@type":"PropertyValueSpecification","valueRequired":true,"valueName":"search_term_string"}}],"inLanguage":"de"},{"@type":"Organization","@id":"https:\/\/www.turbine-vockerode.de\/#organization","name":"SG &quot;Turbine&quot; Vockerode e.V.","url":"https:\/\/www.turbine-vockerode.de\/","logo":{"@type":"ImageObject","inLanguage":"de","@id":"https:\/\/www.turbine-vockerode.de\/#\/schema\/logo\/image\/","url":"https:\/\/www.turbine-vockerode.de\/wp-content\/uploads\/2021\/09\/cropped-Logo_Rand_rechts.png","contentUrl":"https:\/\/www.turbine-vockerode.de\/wp-content\/uploads\/2021\/09\/cropped-Logo_Rand_rechts.png","width":1000,"height":700,"caption":"SG &quot;Turbine&quot; Vockerode e.V."},"image":{"@id":"https:\/\/www.turbine-vockerode.de\/#\/schema\/logo\/image\/"}}]}},"_links":{"self":[{"href":"https:\/\/www.turbine-vockerode.de\/index.php?rest_route=\/wp\/v2\/pages\/1280","targetHints":{"allow":["GET"]}}],"collection":[{"href":"https:\/\/www.turbine-vockerode.de\/index.php?rest_route=\/wp\/v2\/pages"}],"about":[{"href":"https:\/\/www.turbine-vockerode.de\/index.php?rest_route=\/wp\/v2\/types\/page"}],"author":[{"embeddable":true,"href":"https:\/\/www.turbine-vockerode.de\/index.php?rest_route=\/wp\/v2\/users\/1"}],"replies":[{"embeddable":true,"href":"https:\/\/www.turbine-vockerode.de\/index.php?rest_route=%2Fwp%2Fv2%2Fcomments&post=1280"}],"version-history":[{"count":59,"href":"https:\/\/www.turbine-vockerode.de\/index.php?rest_route=\/wp\/v2\/pages\/1280\/revisions"}],"predecessor-version":[{"id":2479,"href":"https:\/\/www.turbine-vockerode.de\/index.php?rest_route=\/wp\/v2\/pages\/1280\/revisions\/2479"}],"wp:attachment":[{"href":"https:\/\/www.turbine-vockerode.de\/index.php?rest_route=%2Fwp%2Fv2%2Fmedia&parent=1280"}],"curies":[{"name":"wp","href":"https:\/\/api.w.org\/{rel}","templated":true}]}}